
2
Let s(r) = -r**2 - 6*r + 1. List the prime factors of s(-5).
2, 3
Let c be 18/(-3)*1/3. Let n = c - -6. Suppose -2*a + 42 = 4*r, a = n*a + 9. What are the prime factors of r?
2, 3
Let m(b) = 3*b - 6. Let f be m(10). Suppose 5*v + 114 = -2*x + f, -x + 90 = -5*v. Let o = v - -38. List the prime factors of o.
2, 5
Suppose 4*w + 4*i = 2*w + 398, 2*w + i - 410 = 0. List the prime factors of w.
3, 23
Let p = 124 + -71. Let v = -28 + p. Suppose -v = -5*b + 2*h + h, 5 = b - 5*h. What are the prime factors of b?
5
Suppose 0 = 4*a - 2*x - 1182, 3*a = -0*x - 4*x + 870. What are the prime factors of a?
2, 3, 7
Let i(y) = 13*y - 1. What are the prime factors of i(6)?
7, 11
Suppose 2*z - 2 = 4. Suppose -z*h + 160 = 2*h. What are the prime factors of h?
2
Let q be 2/2 + 2 - 23. List the prime factors of (-5)/q - (-79)/4.
2, 5
Let k be 2*5/((-30)/(-117)). Let w = -21 + k. List the prime factors of w.
2, 3
List the prime factors of ((-10)/7)/((-5)/175).
2, 5
Suppose -2*f - 20 = -5*i + 3*f, 0 = -3*i + f + 10. Let u(h) = 1 + 2*h - 7*h**2 - h**i - 8*h + 4. List the prime factors of u(-6).
5
Let q(f) = 6*f**3 - 2*f**2 + 1. Let s be q(-1). Let v = s + 9. What are the prime factors of v?
2
Suppose -3*x = 2*x - 5. Let s be ((-2)/6)/(x/(-15)). Suppose -4*q = -4*j - 32, -s*q + 29 = -2*q + 2*j. List the prime factors of q.
3
Let p be -4 + 5 - (-1 + -1). Let m(f) = 6*f - 3. List the prime factors of m(p).
3, 5
Suppose t - 4 - 23 = 0. Let g = 25 + -40. Let i = t + g. List the prime factors of i.
2, 3
Let a(j) = 2*j**2 - 1. What are the prime factors of a(-3)?
17
Let a(w) = -w**2 - 10*w - 9. Suppose -j = 4*z - 5*z + 3, 5*j + 2*z = 6. Suppose -4*l - 24 + j = 0. What are the prime factors of a(l)?
3, 5
Let a be (-2)/2 - (2 - 3). Suppose -d + 6*d - 30 = a. What are the prime factors of d?
2, 3
Let s(n) = -n + 5. Let q be s(-4). Suppose -1 = -2*r + q. List the prime factors of r.
5
Let t(w) = -w + 8. Let j be t(-6). Suppose 0 = -4*b + j + 10. List the prime factors of b.
2, 3
What are the prime factors of 1/((-1)/(-53)) - (2 + -2)?
53
Suppose -5*p - 33 = -2*k + 17, p + 10 = -k. Let o be (-36)/p + 2/5. Suppose 0 = r - o*r + 33. List the prime factors of r.
11
Let x(v) = 8*v**2 - v. Let a be 1/8 - 7/(-8). What are the prime factors of x(a)?
7
Let p be 5 + (-2)/(2/3). Suppose p*i + 2*z - 26 = 0, -i - 2*z + 77 = 4*i. What are the prime factors of i?
17
Let z be -3*4/(-6) + 0. Let k be z + 0/2 + 1. Suppose 0 = 3*b + 3*x - 27, k*x = -2*b + 17 + 6. List the prime factors of b.
2
Suppose 26 = 2*c - 4*h - 42, 144 = 5*c + 3*h. What are the prime factors of c?
2, 3, 5
Let p = -32 - -54. Suppose -3*c + p = -14. List the prime factors of c.
2, 3
Let l = 31 + -11. List the prime factors of l.
2, 5
Let b(w) = w + 1 - 1 + 3*w**2 - 2*w. List the prime factors of b(2).
2, 5
List the prime factors of -1 - (0 + -50) - 4.
3, 5
Suppose -3*j + 104 = -5*o - 5*j, 3*o + 66 = -3*j. Let i = 51 + o. What are the prime factors of i?
31
Let h be (-3)/2*(-20)/15. Suppose 2 + 22 = h*d + 4*v, 5*v - 36 = -4*d. Suppose -3*l = -3*b + 30, -b + 5*l + d = -22. What are the prime factors of b?
2, 3
What are the prime factors of (-122)/(-14) + 14/49?
3
Suppose 5*a = -2*h + 29, -5*a = -2*a + 2*h - 19. Suppose a*k = -25, -3*k - 3 = -5*b + 37. List the prime factors of b.
5
Let h(v) = -2*v + 10. Let l = -5 - 2. What are the prime factors of h(l)?
2, 3
Let j(a) = -a**2 + 8*a - 4. Let r be j(7). Suppose 2*k - r*k = -10. Suppose -5*d = -k - 0, 4*b - 5*d = 18. List the prime factors of b.
7
Suppose -4*l + 5*l + 12 = -z, -4*z - 50 = 5*l. Let p = -18 - z. Let y = p - -19. List the prime factors of y.
11
Let r be (-10)/(-4)*(-2 - -4). Let u be (-2)/4 + (-35)/(-2). Suppose -a + 3*q - 7 = 2, -u = a - r*q. List the prime factors of a.
3
Let n = -24 - -38. Let t(g) = g - 8. List the prime factors of t(n).
2, 3
Let t(i) = i**3 - 3*i**2 - 2*i - 4. Let x be t(4). Suppose 3*j = x*q + 16, 0 = -j + 2*q + 6. What are the prime factors of j?
2
Suppose -5*h + 870 = 3*c, -h + 4*c - 348 = -3*h. List the prime factors of h.
2, 3, 29
Let v = 12 + -19. What are the prime factors of ((-8)/(-14))/((-2)/v)?
2
Let n = 11 + -9. Suppose n*w + 9 = 3*w. List the prime factors of w.
3
Suppose 0 = -3*w - 12, -2*w - 45 - 56 = -3*d. List the prime factors of d.
31
Let l(p) = 4*p + 2. Let y(h) = 6*h**3 - h**2 + 2*h - 1. Let d be y(1). What are the prime factors of l(d)?
2, 13
Let j be (-2)/(-7) - (-48)/28. Suppose 4*b = j*l + 70, -2*l + 5 = -3*l. List the prime factors of b.
3, 5
Let u be (-2)/(-2 + 0) + 1. What are the prime factors of (-1)/(-2)*4 + u?
2
Let k be (12/(-30))/(2/(-20)). Suppose -h + k = -17. Let u = h - 8. List the prime factors of u.
13
Let i be 1/(3/9 - 0). Suppose 0 = -5*c + f - 11, 5*c = i*f - 0*f - 3. List the prime factors of 9 + c/(-3) + 1.
11
Suppose 0 = 4*s - 5*s + 27. List the prime factors of s.
3
Let z(w) = w**2 + w. Let g(s) = s**2 + 4*s + 3. Let x(r) = -g(r) + 3*z(r). What are the prime factors of x(3)?
2, 3
Let n(s) = s**2 - 2*s + 8. Let j be n(6). Let q be ((-24)/j)/((-1)/4). Let t = -1 + q. List the prime factors of t.
2
Let y = -71 + 99. List the prime factors of y.
2, 7
Suppose -4*r + 8 + 5 = w, -4*r + 55 = 3*w. What are the prime factors of w?
3, 7
Suppose 0 = -53*l + 56*l - 825. List the prime factors of l.
5, 11
Let q(s) = s - 3. Suppose 5*m = -5*o + 13 + 2, -5*m = -3*o - 15. Let j be q(o). Let x(a) = -a**3 - a**2 + 2*a - 2. What are the prime factors of x(j)?
2, 5
Let a(x) be the first derivative of -x**2/2 + x + 3. Let c(j) = 2*j - 2. Let s(y) = -5*a(y) - 2*c(y). What are the prime factors of s(5)?
2
Let v = 11 + -7. Let y be v/(-6) - (-456)/9. Suppose 7*t = 2*t + y. What are the prime factors of t?
2, 5
Let u be (-9)/1*(3 - 19). Suppose -3*n + n = y - 72, -4*n + 2*y = -u. What are the prime factors of n?
2, 3
Let j be ((-1)/(-2))/(1/18). Let q = j - 4. Suppose 0 = 5*g - s - 6 - 18, 4*s = -q*g + 4. List the prime factors of g.
2
Let l(z) = z**3 - 5*z**2 + 3*z + 6. Let h be l(5). Suppose g - 29 = -5*u + 32, 2*u - 3*g = h. What are the prime factors of u?
2, 3
Let h(y) be the first derivative of -y**4/4 + 2*y**3 + y**2/2 - y + 9. List the prime factors of h(4).
5, 7
Let a be (3/(-2))/(2/(-4)). Let m be (-30)/a*28/(-10). Suppose w = -w + m. List the prime factors of w.
2, 7
Let j be 52 - 3/(-1) - -3. Let n = -32 + j. List the prime factors of n.
2, 13
Suppose 2*c - 4*x - 278 = 0, 0*x = 3*c + 4*x - 367. List the prime factors of c.
3, 43
Suppose 2*w + 34 = 4*l, l - 3*w = -2*l + 18. List the prime factors of l.
11
Suppose -6*m = -5*m - 15. What are the prime factors of 6/15 + 99/m?
7
Suppose -2*y - 5*u + 2 = -17, 0 = -5*y - 3*u + 19. Suppose -y*h = 3*h - 255. What are the prime factors of h?
3, 17
Let a(i) = i**3 + 7*i**2 + 7*i. Let p be a(-5). Suppose 5*w + 19 = -3*n, 0 = -5*n - 4*w - w - p. Suppose 0*x + 14 = n*x. What are the prime factors of x?
7
Let y be 4/6 + 168/(-9). Let b = 44 + y. Suppose -4*v + b = -22. List the prime factors of v.
2, 3
Let l(s) = 13*s**2 - 15*s - 15. Let b(t) = 3*t**2 - 4*t - 4. Let n(p) = 9*b(p) - 2*l(p). Let y be 148/18 - (-4)/(-18). What are the prime factors of n(y)?
2, 5
Suppose 2*g - 65 = -3*g. List the prime factors of g.
13
Let m(j) = 4*j**2 - 4 - 3*j + 4*j**2 - 7*j**2. List the prime factors of m(-3).
2, 7
Let p = -48 - -84. What are the prime factors of p?
2, 3
Suppose 165 = 8*f - 99. What are the prime factors of f?
3, 11
Let i be (-8)/(-4) - (-1 - 0). Suppose 2*t + 2*x = 28, 3*x - i = -t + 15. List the prime factors of t.
2, 3
Suppose -4*n + 5*u + 44 = 0, 0 = -2*n - 0*n - u + 8. Suppose k = n*k - 130. What are the prime factors of k?
2, 13
Let r(t) = -t**3 + 3*t**2 - 2*t - 3. Let w be r(3). Let p = -31 + w. What are the prime factors of p/(-5) - 2/(-1)?
2, 5
Suppose 0 = -5*k + 5*a + 25, -7 = -3*k + 5*a + 18. Let p be 3/(-2)*(-8)/6. Suppose k = -i + 14 - p. What are the prime factors of i?
2, 3
Let h = 24 + -6. Suppose 3*m + 0*m + 16 = 2*r, -5*m = -2*r + 12. Let u = h - r. What are the prime factors of u?
7
Suppose -h - 116 = -3*p + 4*h, -5*p + 210 = -5*h. List the prime factors of p.
47
Suppose -3*f = f - 4. Let t(u) = u**2 + 2*u - 1. What are the prime factors of t(f)?
2
Suppose -d - a + 146 = -5*a, 521 = 4*d + 5*a. List the prime factors of d.
2, 67
Let j(m) = -4*m + 11. Wh